{"id":1657,"date":"2022-11-10T08:55:35","date_gmt":"2022-11-10T07:55:35","guid":{"rendered":"https:\/\/aeroklub.katowice.pl\/?page_id=1657"},"modified":"2022-12-10T11:00:04","modified_gmt":"2022-12-10T10:00:04","slug":"zgloszenie-na-szkolenie","status":"publish","type":"page","link":"https:\/\/aeroklub.katowice.pl\/?page_id=1657","title":{"rendered":"Zg\u0142oszenie na szkolenie"},"content":{"rendered":"\t\t<div data-elementor-type=\"wp-page\" data-elementor-id=\"1657\" class=\"elementor elementor-1657\" data-elementor-post-type=\"page\">\n\t\t\t\t\t\t<section class=\"elementor-section elementor-top-section elementor-element elementor-element-7dff46f elementor-section-boxed elementor-section-height-default elementor-section-height-default\" data-id=\"7dff46f\" data-element_type=\"section\">\n\t\t\t\t\t\t<div class=\"elementor-container elementor-column-gap-default\">\n\t\t\t\t\t<div class=\"elementor-column elementor-col-100 elementor-top-column elementor-element elementor-element-0ada4af\" data-id=\"0ada4af\" data-element_type=\"column\">\n\t\t\t<div class=\"elementor-widget-wrap elementor-element-populated\">\n\t\t\t\t\t\t<div class=\"elementor-element elementor-element-b78c549 elementor-widget elementor-widget-image\" data-id=\"b78c549\" data-element_type=\"widget\" data-widget_type=\"image.default\">\n\t\t\t\t<div class=\"elementor-widget-container\">\n\t\t\t\t\t\t\t\t\t\t\t\t\t\t\t<img fetchpriority=\"high\" decoding=\"async\" width=\"600\" height=\"401\" src=\"https:\/\/aeroklub.katowice.pl\/wp-content\/uploads\/2022\/11\/TELEF_M.jpg\" class=\"attachment-medium_large size-medium_large wp-image-1846\" alt=\"\" srcset=\"https:\/\/aeroklub.katowice.pl\/wp-content\/uploads\/2022\/11\/TELEF_M.jpg 600w, https:\/\/aeroklub.katowice.pl\/wp-content\/uploads\/2022\/11\/TELEF_M-300x201.jpg 300w\" sizes=\"(max-width: 600px) 100vw, 600px\" \/>\t\t\t\t\t\t\t\t\t\t\t\t\t\t\t<\/div>\n\t\t\t\t<\/div>\n\t\t\t\t<div class=\"elementor-element elementor-element-2a6192c elementor-widget elementor-widget-heading\" data-id=\"2a6192c\" data-element_type=\"widget\" data-widget_type=\"heading.default\">\n\t\t\t\t<div class=\"elementor-widget-container\">\n\t\t\t\t\t<h2 class=\"elementor-heading-title elementor-size-default\">Jeste\u015b zainteresowany nasz\u0105 ofert\u0105?\n<\/h2>\t\t\t\t<\/div>\n\t\t\t\t<\/div>\n\t\t\t\t<div class=\"elementor-element elementor-element-f0ae752 elementor-widget elementor-widget-text-editor\" data-id=\"f0ae752\" data-element_type=\"widget\" data-widget_type=\"text-editor.default\">\n\t\t\t\t<div class=\"elementor-widget-container\">\n\t\t\t\t\t\t\t\t\t<p>Wy\u015blij do nas swoje zg\u0142oszenie.<br \/>Niezw\u0142ocznie skontaktujemy si\u0119 z Tob\u0105, odpowiemy na wszystkie pytania<br \/>i przedstawimy szczeg\u00f3\u0142ow\u0105 ofert\u0119 szkolenia.<\/p>\t\t\t\t\t\t\t\t<\/div>\n\t\t\t\t<\/div>\n\t\t\t\t<div class=\"elementor-element elementor-element-3267595 elementor-widget elementor-widget-wpforms\" data-id=\"3267595\" data-element_type=\"widget\" data-widget_type=\"wpforms.default\">\n\t\t\t\t<div class=\"elementor-widget-container\">\n\t\t\t\t\t<div class=\"wpforms-container wpforms-container-full\" id=\"wpforms-417\"><form id=\"wpforms-form-417\" class=\"wpforms-validate wpforms-form\" data-formid=\"417\" method=\"post\" enctype=\"multipart\/form-data\" action=\"\/index.php?rest_route=%2Fwp%2Fv2%2Fpages%2F1657\" data-token=\"62102cc6680d27ddfd0d747829027c2f\" data-token-time=\"1777203883\"><noscript class=\"wpforms-error-noscript\">Aby wype\u0142ni\u0107 ten formularz, w\u0142\u0105cz obs\u0142ug\u0119 JavaScript w przegl\u0105darce.<\/noscript><div class=\"wpforms-field-container\"><div id=\"wpforms-417-field_2-container\" class=\"wpforms-field wpforms-field-name\" data-field-id=\"2\"><label class=\"wpforms-field-label\" for=\"wpforms-417-field_2\">Imi\u0119 i Nazwisko <span class=\"wpforms-required-label\">*<\/span><\/label><div class=\"wpforms-field-row wpforms-field-medium\"><div class=\"wpforms-field-row-block wpforms-first wpforms-one-half\"><input type=\"text\" id=\"wpforms-417-field_2\" class=\"wpforms-field-name-first wpforms-field-required\" name=\"wpforms[fields][2][first]\" required><label for=\"wpforms-417-field_2\" class=\"wpforms-field-sublabel after wpforms-sublabel-hide\">Imi\u0119<\/label><\/div><div class=\"wpforms-field-row-block wpforms-one-half\"><input type=\"text\" id=\"wpforms-417-field_2-last\" class=\"wpforms-field-name-last wpforms-field-required\" name=\"wpforms[fields][2][last]\" required><label for=\"wpforms-417-field_2-last\" class=\"wpforms-field-sublabel after wpforms-sublabel-hide\">Nazwisko<\/label><\/div><\/div><\/div><div id=\"wpforms-417-field_6-container\" class=\"wpforms-field wpforms-field-text\" data-field-id=\"6\"><label class=\"wpforms-field-label\" for=\"wpforms-417-field_6\">Telefon kontaktowy <span class=\"wpforms-required-label\">*<\/span><\/label><input type=\"text\" id=\"wpforms-417-field_6\" class=\"wpforms-field-small wpforms-field-required\" name=\"wpforms[fields][6]\" required><\/div><div id=\"wpforms-417-field_4-container\" class=\"wpforms-field wpforms-field-text\" data-field-id=\"4\"><label class=\"wpforms-field-label\" for=\"wpforms-417-field_4\">E-mail: <span class=\"wpforms-required-label\">*<\/span><\/label><input type=\"text\" id=\"wpforms-417-field_4\" class=\"wpforms-field-medium wpforms-field-required\" name=\"wpforms[fields][4]\" required><\/div><div id=\"wpforms-417-field_5-container\" class=\"wpforms-field wpforms-field-radio\" data-field-id=\"5\"><label class=\"wpforms-field-label\">Rodzaj szkolenia: <span class=\"wpforms-required-label\">*<\/span><\/label><ul id=\"wpforms-417-field_5\" class=\"wpforms-field-required\"><li class=\"choice-1 depth-1\"><input type=\"radio\" id=\"wpforms-417-field_5_1\" name=\"wpforms[fields][5]\" value=\"Licencja pilota samolotowego PPL(A)\" required ><label class=\"wpforms-field-label-inline\" for=\"wpforms-417-field_5_1\">Licencja pilota samolotowego PPL(A)<\/label><\/li><li class=\"choice-2 depth-1\"><input type=\"radio\" id=\"wpforms-417-field_5_2\" name=\"wpforms[fields][5]\" value=\"Licencja pilota samolotowego LAPL(A)\" required ><label class=\"wpforms-field-label-inline\" for=\"wpforms-417-field_5_2\">Licencja pilota samolotowego LAPL(A)<\/label><\/li><li class=\"choice-4 depth-1\"><input type=\"radio\" id=\"wpforms-417-field_5_4\" name=\"wpforms[fields][5]\" value=\"Licencja pilota szybowcowego SPL\" required ><label class=\"wpforms-field-label-inline\" for=\"wpforms-417-field_5_4\">Licencja pilota szybowcowego SPL<\/label><\/li><li class=\"choice-3 depth-1\"><input type=\"radio\" id=\"wpforms-417-field_5_3\" name=\"wpforms[fields][5]\" value=\"Szkolenie VFR noc\" required ><label class=\"wpforms-field-label-inline\" for=\"wpforms-417-field_5_3\">Szkolenie VFR noc<\/label><\/li><li class=\"choice-5 depth-1\"><input type=\"radio\" id=\"wpforms-417-field_5_5\" name=\"wpforms[fields][5]\" value=\"Szkolenie UPRT ADVANCED\" required ><label class=\"wpforms-field-label-inline\" for=\"wpforms-417-field_5_5\">Szkolenie UPRT ADVANCED<\/label><\/li><li class=\"choice-7 depth-1\"><input type=\"radio\" id=\"wpforms-417-field_5_7\" name=\"wpforms[fields][5]\" value=\"Szkolenie do licencji CPL(A)\" required ><label class=\"wpforms-field-label-inline\" for=\"wpforms-417-field_5_7\">Szkolenie do licencji CPL(A)<\/label><\/li><li class=\"choice-6 depth-1\"><input type=\"radio\" id=\"wpforms-417-field_5_6\" name=\"wpforms[fields][5]\" value=\"Budowanie nalotu\" required ><label class=\"wpforms-field-label-inline\" for=\"wpforms-417-field_5_6\">Budowanie nalotu<\/label><\/li><\/ul><\/div><div id=\"wpforms-417-field_7-container\" class=\"wpforms-field wpforms-field-checkbox\" data-field-id=\"7\"><label class=\"wpforms-field-label\">Aeroklub \u015al\u0105ski z siedzib\u0105 w Katowicach jest Administratorem Pa\u0144stwa danych osobowych.  <span class=\"wpforms-required-label\">*<\/span><\/label><ul id=\"wpforms-417-field_7\" class=\"wpforms-field-required\"><li class=\"choice-1 depth-1\"><input type=\"checkbox\" id=\"wpforms-417-field_7_1\" name=\"wpforms[fields][7][]\" value=\"Niniejszym wyra\u017cam zgod\u0119 na przetwarzanie moich danych osobowych zamieszczonych w niniejszym formularzu przez Aeroklub \u015al\u0105ski z siedzib\u0105 w Katowicach w celu przedstawienia oferty oraz przeprowadzenia rekrutacji na szkolenie lotnicze.\" required ><label class=\"wpforms-field-label-inline\" for=\"wpforms-417-field_7_1\">Niniejszym wyra\u017cam zgod\u0119 na przetwarzanie moich danych osobowych zamieszczonych w niniejszym formularzu przez Aeroklub \u015al\u0105ski z siedzib\u0105 w Katowicach w celu przedstawienia oferty oraz przeprowadzenia rekrutacji na szkolenie lotnicze.<\/label><\/li><\/ul><div class=\"wpforms-field-description\"><p><\/p>\r\nZgodnie z art. 13 ust. 1\u22122 Rozporz\u0105dzenia Parlamentu Europejskiego i Rady (UE) 2016\/679 z 27.04.2016 r. w sprawie ochrony os\u00f3b fizycznych w zwi\u0105zku z przetwarzaniem danych osobowych i w sprawie swobodnego przep\u0142ywu takich danych oraz uchylenia dyrektywy 95\/46\/WE (og\u00f3lne rozporz\u0105dzenie o ochronie danych) (Dz.Urz. UE L 119, s. 1) \u2013 dalej RODO \u2212 informujemy, \u017ce wyznaczony zosta\u0142 Inspektor Ochrony Danych Osobowych, z kt\u00f3rym mo\u017cna si\u0119 skontaktowa\u0107 w sprawach ochrony swoich danych osobowych  pod e-mailem iodo@aeroklub.katowce.pl, pod numerem telefonu 32 2561053 lub pisemnie na adres naszej siedziby.\r\n<p><br><\/p>\r\nJako Administrator b\u0119dziemy przetwarza\u0107 Pa\u0144stwa dane osobowe w zakresie informacji i rekrutacji na szkolenia lotnicze.\r\n<p><br><\/p>\r\nW ka\u017cdej chwili  przys\u0142uguje Pa\u0144stwu prawo do wycofania zgody na przetwarzanie danych osobowych. Jednak\u017ce cofni\u0119cie zgody nie wp\u0142ywa na zgodno\u015b\u0107 z prawem przetwarzania, kt\u00f3rego dokonano na podstawie Pa\u0144stwa zgody przed jej wycofaniem.\r\n<p><br><\/p>\r\nZgodnie z obowi\u0105zuj\u0105cymi przepisami prawa przys\u0142uguj\u0105 Pa\u0144stwu nast\u0119puj\u0105ce prawa:\r\n1) prawo dost\u0119pu do swoich danych oraz otrzymania ich kopii; 2) prawo do sprostowania (poprawiania) swoich danych; 3) prawo do cofni\u0119cia zgody na przetwarzanie danych; 4) prawo do usuni\u0119cia danych, ograniczenia przetwarzania danych; 5) prawo do przenoszenia danych; 6) prawo do wniesienia skargi do organu nadzorczego.\r\n<p><br><\/p>\r\nPa\u0144stwa dane osobowe b\u0119d\u0105 przechowywane do momentu realizacji celu, o kt\u00f3rym mowa powy\u017cej albo do momentu cofni\u0119cia zgody na przetwarzanie danych osobowych. Pa\u0144stwa dane osobowe nie b\u0119d\u0105 przekazywany podmiotom trzecim. Administrator danych nie planuje wykorzystywa\u0107 Pa\u0144stwa danych osobowych do profilowania ani w ramach systemu zautomatyzowanego systemu podejmowania decyzji.<\/div><\/div><\/div><!-- .wpforms-field-container --><div class=\"wpforms-field wpforms-field-hp\"><label for=\"wpforms-417-field-hp\" class=\"wpforms-field-label\">Message<\/label><input type=\"text\" name=\"wpforms[hp]\" id=\"wpforms-417-field-hp\" class=\"wpforms-field-medium\"><\/div><div class=\"wpforms-recaptcha-container wpforms-is-recaptcha wpforms-is-recaptcha-type-v2\" ><div class=\"g-recaptcha\" data-sitekey=\"6LfGhP4dAAAAAHcLPAL97qhKIlsYaqNZg15GPoVY\"><\/div><input type=\"text\" name=\"g-recaptcha-hidden\" class=\"wpforms-recaptcha-hidden\" style=\"position:absolute!important;clip:rect(0,0,0,0)!important;height:1px!important;width:1px!important;border:0!important;overflow:hidden!important;padding:0!important;margin:0!important;\" data-rule-recaptcha=\"1\"><\/div><div class=\"wpforms-submit-container\" ><input type=\"hidden\" name=\"wpforms[id]\" value=\"417\"><input type=\"hidden\" name=\"page_title\" value=\"\"><input type=\"hidden\" name=\"page_url\" value=\"https:\/\/aeroklub.katowice.pl\/index.php?rest_route=\/wp\/v2\/pages\/1657\"><input type=\"hidden\" name=\"url_referer\" value=\"\"><button type=\"submit\" name=\"wpforms[submit]\" id=\"wpforms-submit-417\" class=\"wpforms-submit\" data-alt-text=\"Wysy\u0142am...\" data-submit-text=\"Wy\u015blij zg\u0142oszenie\" aria-live=\"assertive\" value=\"wpforms-submit\">Wy\u015blij zg\u0142oszenie<\/button><\/div><\/form><\/div>  <!-- .wpforms-container -->\t\t\t\t<\/div>\n\t\t\t\t<\/div>\n\t\t\t\t\t<\/div>\n\t\t<\/div>\n\t\t\t\t\t<\/div>\n\t\t<\/section>\n\t\t\t\t<\/div>\n\t\t","protected":false},"excerpt":{"rendered":"<p>Jeste\u015b zainteresowany nasz\u0105 ofert\u0105? Wy\u015blij do nas swoje zg\u0142oszenie.Niezw\u0142ocznie skontaktujemy si\u0119 z Tob\u0105, odpowiemy na wszystkie pytaniai przedstawimy szczeg\u00f3\u0142ow\u0105 ofert\u0119 szkolenia.<\/p>\n","protected":false},"author":1,"featured_media":0,"parent":0,"menu_order":0,"comment_status":"closed","ping_status":"closed","template":"","meta":{"_monsterinsights_skip_tracking":false,"_monsterinsights_sitenote_active":false,"_monsterinsights_sitenote_note":"","_monsterinsights_sitenote_category":0,"footnotes":""},"class_list":["post-1657","page","type-page","status-publish","hentry"],"aioseo_notices":[],"_links":{"self":[{"href":"https:\/\/aeroklub.katowice.pl\/index.php?rest_route=\/wp\/v2\/pages\/1657","targetHints":{"allow":["GET"]}}],"collection":[{"href":"https:\/\/aeroklub.katowice.pl\/index.php?rest_route=\/wp\/v2\/pages"}],"about":[{"href":"https:\/\/aeroklub.katowice.pl\/index.php?rest_route=\/wp\/v2\/types\/page"}],"author":[{"embeddable":true,"href":"https:\/\/aeroklub.katowice.pl\/index.php?rest_route=\/wp\/v2\/users\/1"}],"replies":[{"embeddable":true,"href":"https:\/\/aeroklub.katowice.pl\/index.php?rest_route=%2Fwp%2Fv2%2Fcomments&post=1657"}],"version-history":[{"count":19,"href":"https:\/\/aeroklub.katowice.pl\/index.php?rest_route=\/wp\/v2\/pages\/1657\/revisions"}],"predecessor-version":[{"id":2355,"href":"https:\/\/aeroklub.katowice.pl\/index.php?rest_route=\/wp\/v2\/pages\/1657\/revisions\/2355"}],"wp:attachment":[{"href":"https:\/\/aeroklub.katowice.pl\/index.php?rest_route=%2Fwp%2Fv2%2Fmedia&parent=1657"}],"curies":[{"name":"wp","href":"https:\/\/api.w.org\/{rel}","templated":true}]}}