{"id":317,"date":"2018-04-29T19:47:05","date_gmt":"2018-04-29T19:47:05","guid":{"rendered":"http:\/\/aeroklub.katowice.pl\/?page_id=317"},"modified":"2022-11-12T10:55:16","modified_gmt":"2022-11-12T09:55:16","slug":"kontakt","status":"publish","type":"page","link":"https:\/\/aeroklub.katowice.pl\/?page_id=317","title":{"rendered":"Kontakt"},"content":{"rendered":"\t\t<div data-elementor-type=\"wp-post\" data-elementor-id=\"317\" class=\"elementor elementor-317\" data-elementor-post-type=\"page\">\n\t\t\t\t\t\t<section class=\"elementor-section elementor-top-section elementor-element elementor-element-2515b76 elementor-section-stretched elementor-section-content-middle elementor-section-boxed elementor-section-height-default elementor-section-height-default\" data-id=\"2515b76\" data-element_type=\"section\" data-settings=\"{&quot;stretch_section&quot;:&quot;section-stretched&quot;}\">\n\t\t\t\t\t\t<div class=\"elementor-container elementor-column-gap-default\">\n\t\t\t\t\t<div class=\"elementor-column elementor-col-100 elementor-top-column elementor-element elementor-element-d44da5c\" data-id=\"d44da5c\" data-element_type=\"column\">\n\t\t\t<div class=\"elementor-widget-wrap elementor-element-populated\">\n\t\t\t\t\t\t<div class=\"elementor-element elementor-element-bc7a727 elementor-widget elementor-widget-image\" data-id=\"bc7a727\" data-element_type=\"widget\" data-widget_type=\"image.default\">\n\t\t\t\t<div class=\"elementor-widget-container\">\n\t\t\t\t\t\t\t\t\t\t\t\t\t\t\t<img fetchpriority=\"high\" decoding=\"async\" width=\"768\" height=\"511\" src=\"https:\/\/aeroklub.katowice.pl\/wp-content\/uploads\/2022\/11\/28206991_m-768x511.jpg\" class=\"attachment-medium_large size-medium_large wp-image-1929\" alt=\"\" srcset=\"https:\/\/aeroklub.katowice.pl\/wp-content\/uploads\/2022\/11\/28206991_m-768x511.jpg 768w, https:\/\/aeroklub.katowice.pl\/wp-content\/uploads\/2022\/11\/28206991_m-300x200.jpg 300w, https:\/\/aeroklub.katowice.pl\/wp-content\/uploads\/2022\/11\/28206991_m-1024x681.jpg 1024w, https:\/\/aeroklub.katowice.pl\/wp-content\/uploads\/2022\/11\/28206991_m-1536x1022.jpg 1536w, https:\/\/aeroklub.katowice.pl\/wp-content\/uploads\/2022\/11\/28206991_m-2048x1363.jpg 2048w, https:\/\/aeroklub.katowice.pl\/wp-content\/uploads\/2022\/11\/28206991_m-600x399.jpg 600w\" sizes=\"(max-width: 768px) 100vw, 768px\" \/>\t\t\t\t\t\t\t\t\t\t\t\t\t\t\t<\/div>\n\t\t\t\t<\/div>\n\t\t\t\t<div class=\"elementor-element elementor-element-93b3e54 elementor-widget elementor-widget-image\" data-id=\"93b3e54\" data-element_type=\"widget\" data-widget_type=\"image.default\">\n\t\t\t\t<div class=\"elementor-widget-container\">\n\t\t\t\t\t\t\t\t\t\t\t\t\t\t\t<img decoding=\"async\" src=\"https:\/\/aeroklub.katowice.pl\/wp-content\/uploads\/elementor\/thumbs\/contact-scaled-pxlivlvj0xwuzul8c9g8kqq4hg6xe3c58wshwveypo.jpg\" title=\"contact\" alt=\"contact\" loading=\"lazy\" \/>\t\t\t\t\t\t\t\t\t\t\t\t\t\t\t<\/div>\n\t\t\t\t<\/div>\n\t\t\t\t<section class=\"elementor-section elementor-inner-section elementor-element elementor-element-1a9ad72 elementor-section-boxed elementor-section-height-default elementor-section-height-default\" data-id=\"1a9ad72\" data-element_type=\"section\">\n\t\t\t\t\t\t<div class=\"elementor-container elementor-column-gap-default\">\n\t\t\t\t\t<div class=\"elementor-column elementor-col-100 elementor-inner-column elementor-element elementor-element-00f4749\" data-id=\"00f4749\" data-element_type=\"column\">\n\t\t\t<div class=\"elementor-widget-wrap elementor-element-populated\">\n\t\t\t\t\t\t<div class=\"elementor-element elementor-element-c579ca6 elementor-widget elementor-widget-text-editor\" data-id=\"c579ca6\" data-element_type=\"widget\" data-widget_type=\"text-editor.default\">\n\t\t\t\t<div class=\"elementor-widget-container\">\n\t\t\t\t\t\t\t\t\t<h3><span style=\"color: #147ec2;\">Adres do korespondencji:<\/span><\/h3><p>Aeroklub \u015al\u0105ski<\/p><p>40-271 Katowice, Lotnisko Muchowiec<\/p>\t\t\t\t\t\t\t\t<\/div>\n\t\t\t\t<\/div>\n\t\t\t\t<div class=\"elementor-element elementor-element-0ed49bd elementor-widget elementor-widget-spacer\" data-id=\"0ed49bd\" data-element_type=\"widget\" data-widget_type=\"spacer.default\">\n\t\t\t\t<div class=\"elementor-widget-container\">\n\t\t\t\t\t\t\t<div class=\"elementor-spacer\">\n\t\t\t<div class=\"elementor-spacer-inner\"><\/div>\n\t\t<\/div>\n\t\t\t\t\t\t<\/div>\n\t\t\t\t<\/div>\n\t\t\t\t<div class=\"elementor-element elementor-element-3d9f0d8 elementor-widget elementor-widget-text-editor\" data-id=\"3d9f0d8\" data-element_type=\"widget\" data-widget_type=\"text-editor.default\">\n\t\t\t\t<div class=\"elementor-widget-container\">\n\t\t\t\t\t\t\t\t\t<h3><span style=\"color: #147ec2;\">Telefon:<\/span><\/h3><p>biuro i infolinia &#8230;&#8230;&#8230;&#8230;&#8230;&#8230;&#8230;&#8230;&#8230;.. +48 322 561 053<\/p><p>dy\u017curny operacyjny lotniska &#8230;&#8230; +48 728 809 287<\/p>\t\t\t\t\t\t\t\t<\/div>\n\t\t\t\t<\/div>\n\t\t\t\t<div class=\"elementor-element elementor-element-e51afd9 elementor-widget elementor-widget-spacer\" data-id=\"e51afd9\" data-element_type=\"widget\" data-widget_type=\"spacer.default\">\n\t\t\t\t<div class=\"elementor-widget-container\">\n\t\t\t\t\t\t\t<div class=\"elementor-spacer\">\n\t\t\t<div class=\"elementor-spacer-inner\"><\/div>\n\t\t<\/div>\n\t\t\t\t\t\t<\/div>\n\t\t\t\t<\/div>\n\t\t\t\t<div class=\"elementor-element elementor-element-43aa8bb elementor-widget elementor-widget-text-editor\" data-id=\"43aa8bb\" data-element_type=\"widget\" data-widget_type=\"text-editor.default\">\n\t\t\t\t<div class=\"elementor-widget-container\">\n\t\t\t\t\t\t\t\t\t<h3><span style=\"color: #147ec2;\">e-mail:<\/span><\/h3><p>aeroklub@aeroklub.katowice.pl<\/p><p>szkolenie@aeroklub.katowice.pl<\/p><p>technika@aeroklub.katowice.pl<\/p>\t\t\t\t\t\t\t\t<\/div>\n\t\t\t\t<\/div>\n\t\t\t\t<div class=\"elementor-element elementor-element-39370bd elementor-widget elementor-widget-spacer\" data-id=\"39370bd\" data-element_type=\"widget\" data-widget_type=\"spacer.default\">\n\t\t\t\t<div class=\"elementor-widget-container\">\n\t\t\t\t\t\t\t<div class=\"elementor-spacer\">\n\t\t\t<div class=\"elementor-spacer-inner\"><\/div>\n\t\t<\/div>\n\t\t\t\t\t\t<\/div>\n\t\t\t\t<\/div>\n\t\t\t\t<div class=\"elementor-element elementor-element-8330e61 elementor-widget elementor-widget-text-editor\" data-id=\"8330e61\" data-element_type=\"widget\" data-widget_type=\"text-editor.default\">\n\t\t\t\t<div class=\"elementor-widget-container\">\n\t\t\t\t\t\t\t\t\t<h3><span style=\"color: #147ec2;\">Rachunek bankowy:<\/span><\/h3><p>70 1050 1298 1000 0023 6494 2686<\/p>\t\t\t\t\t\t\t\t<\/div>\n\t\t\t\t<\/div>\n\t\t\t\t<div class=\"elementor-element elementor-element-c84bb92 elementor-widget elementor-widget-spacer\" data-id=\"c84bb92\" data-element_type=\"widget\" data-widget_type=\"spacer.default\">\n\t\t\t\t<div class=\"elementor-widget-container\">\n\t\t\t\t\t\t\t<div class=\"elementor-spacer\">\n\t\t\t<div class=\"elementor-spacer-inner\"><\/div>\n\t\t<\/div>\n\t\t\t\t\t\t<\/div>\n\t\t\t\t<\/div>\n\t\t\t\t<div class=\"elementor-element elementor-element-f3f55c6 elementor-widget elementor-widget-text-editor\" data-id=\"f3f55c6\" data-element_type=\"widget\" data-widget_type=\"text-editor.default\">\n\t\t\t\t<div class=\"elementor-widget-container\">\n\t\t\t\t\t\t\t\t\t<h3><span style=\"color: #147ec2;\">Godziny pracy biura:<\/span><\/h3><p>poniedzialek &#8230;&#8230;.. 8:00 &#8211; 16:00<\/p><p>wtorek &#8230;&#8230;&#8230;&#8230;&#8230;&#8230; 8:00 &#8211; 20:00<\/p><p>\u015broda &#8230;&#8230;&#8230;&#8230;&#8230;&#8230;.. 8:00 &#8211; 16:00<\/p><p>czwartek &#8230;&#8230;&#8230;&#8230;.. 8:00 &#8211; 20:00<\/p><p>pi\u0105tek &#8230;&#8230;&#8230;&#8230;&#8230;&#8230;. 8:00 &#8211; 16:00<\/p>\t\t\t\t\t\t\t\t<\/div>\n\t\t\t\t<\/div>\n\t\t\t\t\t<\/div>\n\t\t<\/div>\n\t\t\t\t\t<\/div>\n\t\t<\/section>\n\t\t\t\t\t<\/div>\n\t\t<\/div>\n\t\t\t\t\t<\/div>\n\t\t<\/section>\n\t\t\t\t<section class=\"elementor-section elementor-top-section elementor-element elementor-element-9e83473 elementor-section-boxed elementor-section-height-default elementor-section-height-default\" data-id=\"9e83473\" data-element_type=\"section\">\n\t\t\t\t\t\t<div class=\"elementor-container elementor-column-gap-default\">\n\t\t\t\t\t<div class=\"elementor-column elementor-col-100 elementor-top-column elementor-element elementor-element-f566da1\" data-id=\"f566da1\" data-element_type=\"column\">\n\t\t\t<div class=\"elementor-widget-wrap elementor-element-populated\">\n\t\t\t\t\t\t<div class=\"elementor-element elementor-element-db525f9 elementor-widget elementor-widget-image\" data-id=\"db525f9\" data-element_type=\"widget\" data-widget_type=\"image.default\">\n\t\t\t\t<div class=\"elementor-widget-container\">\n\t\t\t\t\t\t\t\t\t\t\t\t\t\t\t<img decoding=\"async\" width=\"300\" height=\"300\" src=\"https:\/\/aeroklub.katowice.pl\/wp-content\/uploads\/2022\/11\/119910775_m-300x300.jpg\" class=\"attachment-medium size-medium wp-image-1917\" alt=\"\" srcset=\"https:\/\/aeroklub.katowice.pl\/wp-content\/uploads\/2022\/11\/119910775_m-300x300.jpg 300w, https:\/\/aeroklub.katowice.pl\/wp-content\/uploads\/2022\/11\/119910775_m-1024x1024.jpg 1024w, https:\/\/aeroklub.katowice.pl\/wp-content\/uploads\/2022\/11\/119910775_m-150x150.jpg 150w, https:\/\/aeroklub.katowice.pl\/wp-content\/uploads\/2022\/11\/119910775_m-768x768.jpg 768w, https:\/\/aeroklub.katowice.pl\/wp-content\/uploads\/2022\/11\/119910775_m-1536x1536.jpg 1536w, https:\/\/aeroklub.katowice.pl\/wp-content\/uploads\/2022\/11\/119910775_m.jpg 2048w, https:\/\/aeroklub.katowice.pl\/wp-content\/uploads\/2022\/11\/119910775_m-600x600.jpg 600w, https:\/\/aeroklub.katowice.pl\/wp-content\/uploads\/2022\/11\/119910775_m-100x100.jpg 100w\" sizes=\"(max-width: 300px) 100vw, 300px\" \/>\t\t\t\t\t\t\t\t\t\t\t\t\t\t\t<\/div>\n\t\t\t\t<\/div>\n\t\t\t\t\t<\/div>\n\t\t<\/div>\n\t\t\t\t\t<\/div>\n\t\t<\/section>\n\t\t\t\t<section class=\"elementor-section elementor-top-section elementor-element elementor-element-dbed828 elementor-section-boxed elementor-section-height-default elementor-section-height-default\" data-id=\"dbed828\" data-element_type=\"section\">\n\t\t\t\t\t\t<div class=\"elementor-container elementor-column-gap-default\">\n\t\t\t\t\t<div class=\"elementor-column elementor-col-100 elementor-top-column elementor-element elementor-element-eaa8a13\" data-id=\"eaa8a13\" data-element_type=\"column\">\n\t\t\t<div class=\"elementor-widget-wrap elementor-element-populated\">\n\t\t\t\t\t\t<div class=\"elementor-element elementor-element-c2ae5de elementor-widget elementor-widget-wpforms\" data-id=\"c2ae5de\" data-element_type=\"widget\" data-widget_type=\"wpforms.default\">\n\t\t\t\t<div class=\"elementor-widget-container\">\n\t\t\t\t\t<div class=\"wpforms-container wpforms-container-full\" id=\"wpforms-420\"><form id=\"wpforms-form-420\" class=\"wpforms-validate wpforms-form\" data-formid=\"420\" method=\"post\" enctype=\"multipart\/form-data\" action=\"\/index.php?rest_route=%2Fwp%2Fv2%2Fpages%2F317\" data-token=\"64ef4ed9561505078a03d1f878a743ba\" data-token-time=\"1777283824\"><div class=\"wpforms-head-container\"><div class=\"wpforms-title\">Wy\u015blij do nas wiadomo\u015b\u0107<\/div><\/div><noscript class=\"wpforms-error-noscript\">Aby wype\u0142ni\u0107 ten formularz, w\u0142\u0105cz obs\u0142ug\u0119 JavaScript w przegl\u0105darce.<\/noscript><div class=\"wpforms-field-container\"><div id=\"wpforms-420-field_2-container\" class=\"wpforms-field wpforms-field-text\" data-field-id=\"2\"><label class=\"wpforms-field-label\" for=\"wpforms-420-field_2\">Podaj sw\u00f3j e-mail <span class=\"wpforms-required-label\">*<\/span><\/label><input type=\"text\" id=\"wpforms-420-field_2\" class=\"wpforms-field-medium wpforms-field-required\" name=\"wpforms[fields][2]\" required><\/div><div id=\"wpforms-420-field_3-container\" class=\"wpforms-field wpforms-field-select wpforms-field-select-style-classic\" data-field-id=\"3\"><label class=\"wpforms-field-label\" for=\"wpforms-420-field_3\">Czego dotyczy wiadomo\u015b\u0107 <span class=\"wpforms-required-label\">*<\/span><\/label><select id=\"wpforms-420-field_3\" class=\"wpforms-field-small wpforms-field-required\" name=\"wpforms[fields][3]\" required=\"required\"><option value=\"Szkolenie lotnicze\" >Szkolenie lotnicze<\/option><option value=\"Loty widokowe\" >Loty widokowe<\/option><option value=\"Dzia\u0142alno\u015b\u0107 lotniska\" >Dzia\u0142alno\u015b\u0107 lotniska<\/option><option value=\"Organizacja imprez\" >Organizacja imprez<\/option><option value=\"Sprawy czlonkowskie\" >Sprawy czlonkowskie<\/option><option value=\"Inne\" >Inne<\/option><\/select><\/div><div id=\"wpforms-420-field_4-container\" class=\"wpforms-field wpforms-field-textarea\" data-field-id=\"4\"><label class=\"wpforms-field-label\" for=\"wpforms-420-field_4\">Napisz wiadomo\u015b\u0107 <span class=\"wpforms-required-label\">*<\/span><\/label><textarea id=\"wpforms-420-field_4\" class=\"wpforms-field-medium wpforms-field-required\" name=\"wpforms[fields][4]\" required><\/textarea><\/div><\/div><!-- .wpforms-field-container --><div class=\"wpforms-field wpforms-field-hp\"><label for=\"wpforms-420-field-hp\" class=\"wpforms-field-label\">Message<\/label><input type=\"text\" name=\"wpforms[hp]\" id=\"wpforms-420-field-hp\" class=\"wpforms-field-medium\"><\/div><div class=\"wpforms-recaptcha-container wpforms-is-recaptcha wpforms-is-recaptcha-type-v2\" ><div class=\"g-recaptcha\" data-sitekey=\"6LfGhP4dAAAAAHcLPAL97qhKIlsYaqNZg15GPoVY\"><\/div><input type=\"text\" name=\"g-recaptcha-hidden\" class=\"wpforms-recaptcha-hidden\" style=\"position:absolute!important;clip:rect(0,0,0,0)!important;height:1px!important;width:1px!important;border:0!important;overflow:hidden!important;padding:0!important;margin:0!important;\" data-rule-recaptcha=\"1\"><\/div><div class=\"wpforms-submit-container\" ><input type=\"hidden\" name=\"wpforms[id]\" value=\"420\"><input type=\"hidden\" name=\"page_title\" value=\"\"><input type=\"hidden\" name=\"page_url\" value=\"https:\/\/aeroklub.katowice.pl\/index.php?rest_route=\/wp\/v2\/pages\/317\"><input type=\"hidden\" name=\"url_referer\" value=\"\"><button type=\"submit\" name=\"wpforms[submit]\" id=\"wpforms-submit-420\" class=\"wpforms-submit\" data-alt-text=\"Wysy\u0142am...\" data-submit-text=\"Wy\u015blij\" aria-live=\"assertive\" value=\"wpforms-submit\">Wy\u015blij<\/button><\/div><\/form><\/div>  <!-- .wpforms-container -->\t\t\t\t<\/div>\n\t\t\t\t<\/div>\n\t\t\t\t<div class=\"elementor-element elementor-element-63810a2 elementor-widget-divider--view-line elementor-widget elementor-widget-divider\" data-id=\"63810a2\" data-element_type=\"widget\" data-widget_type=\"divider.default\">\n\t\t\t\t<div class=\"elementor-widget-container\">\n\t\t\t\t\t\t\t<div class=\"elementor-divider\">\n\t\t\t<span class=\"elementor-divider-separator\">\n\t\t\t\t\t\t<\/span>\n\t\t<\/div>\n\t\t\t\t\t\t<\/div>\n\t\t\t\t<\/div>\n\t\t\t\t<div class=\"elementor-element elementor-element-aa97efe elementor-invisible elementor-widget elementor-widget-google_maps\" data-id=\"aa97efe\" data-element_type=\"widget\" data-settings=\"{&quot;_animation&quot;:&quot;fadeInRight&quot;}\" data-widget_type=\"google_maps.default\">\n\t\t\t\t<div class=\"elementor-widget-container\">\n\t\t\t\t\t\t\t<div class=\"elementor-custom-embed\">\n\t\t\t<iframe loading=\"lazy\"\n\t\t\t\t\tsrc=\"https:\/\/maps.google.com\/maps?q=Aeroklub%20%C5%9Al%C4%85ski&#038;t=m&#038;z=14&#038;output=embed&#038;iwloc=near\"\n\t\t\t\t\ttitle=\"Aeroklub \u015al\u0105ski\"\n\t\t\t\t\taria-label=\"Aeroklub \u015al\u0105ski\"\n\t\t\t><\/iframe>\n\t\t<\/div>\n\t\t\t\t\t\t<\/div>\n\t\t\t\t<\/div>\n\t\t\t\t\t<\/div>\n\t\t<\/div>\n\t\t\t\t\t<\/div>\n\t\t<\/section>\n\t\t\t\t<\/div>\n\t\t","protected":false},"excerpt":{"rendered":"<p>Adres do korespondencji: Aeroklub \u015al\u0105ski 40-271 Katowice, Lotnisko Muchowiec Telefon: biuro i infolinia &#8230;&#8230;&#8230;&#8230;&#8230;&#8230;&#8230;&#8230;&#8230;.. +48 322 561 053 dy\u017curny operacyjny lotniska &#8230;&#8230; +48 728 809 287 e-mail: aeroklub@aeroklub.katowice.pl szkolenie@aeroklub.katowice.pl technika@aeroklub.katowice.pl Rachunek bankowy: 70 1050 1298 1000 0023 6494 2686 Godziny pracy biura: poniedzialek &#8230;&#8230;.. 8:00 &#8211; 16:00 wtorek &#8230;&#8230;&#8230;&#8230;&#8230;&#8230; 8:00 &#8211; 20:00 \u015broda &#8230;&#8230;&#8230;&#8230;&#8230;&#8230;.. 8:00 [&hellip;]<\/p>\n","protected":false},"author":1,"featured_media":0,"parent":0,"menu_order":0,"comment_status":"closed","ping_status":"closed","template":"elementor_theme","meta":{"_monsterinsights_skip_tracking":false,"_monsterinsights_sitenote_active":false,"_monsterinsights_sitenote_note":"","_monsterinsights_sitenote_category":0,"footnotes":""},"class_list":["post-317","page","type-page","status-publish","hentry"],"aioseo_notices":[],"_links":{"self":[{"href":"https:\/\/aeroklub.katowice.pl\/index.php?rest_route=\/wp\/v2\/pages\/317","targetHints":{"allow":["GET"]}}],"collection":[{"href":"https:\/\/aeroklub.katowice.pl\/index.php?rest_route=\/wp\/v2\/pages"}],"about":[{"href":"https:\/\/aeroklub.katowice.pl\/index.php?rest_route=\/wp\/v2\/types\/page"}],"author":[{"embeddable":true,"href":"https:\/\/aeroklub.katowice.pl\/index.php?rest_route=\/wp\/v2\/users\/1"}],"replies":[{"embeddable":true,"href":"https:\/\/aeroklub.katowice.pl\/index.php?rest_route=%2Fwp%2Fv2%2Fcomments&post=317"}],"version-history":[{"count":47,"href":"https:\/\/aeroklub.katowice.pl\/index.php?rest_route=\/wp\/v2\/pages\/317\/revisions"}],"predecessor-version":[{"id":1938,"href":"https:\/\/aeroklub.katowice.pl\/index.php?rest_route=\/wp\/v2\/pages\/317\/revisions\/1938"}],"wp:attachment":[{"href":"https:\/\/aeroklub.katowice.pl\/index.php?rest_route=%2Fwp%2Fv2%2Fmedia&parent=317"}],"curies":[{"name":"wp","href":"https:\/\/api.w.org\/{rel}","templated":true}]}}